n factor of 5 and 38751800?
5
What is the highest common factor of 1608 and 289708?
268
What is the greatest common divisor of 617540 and 194810?
770
Calculate the greatest common factor of 393590 and 250.
10
Calculate the greatest common divisor of 1639709 and 857861.
10859
Calculate the greatest common divisor of 8531452 and 116.
116
Calculate the greatest common factor of 44 and 2119898.
22
Calculate the greatest common factor of 335478424 and 1048.
1048
Calculate the highest common factor of 6398325 and 495.
45
Calculate the highest common factor of 1240 and 363410.
10
What is the greatest common factor of 2695 and 298870?
55
What is the highest common factor of 27920550 and 48300?
1050
What is the highest common divisor of 912 and 39133464?
456
What is the highest common factor of 3 and 24509832?
3
Calculate the greatest common divisor of 2574 and 7597458.
198
What is the greatest common divisor of 25566623 and 391?
17
What is the greatest common divisor of 760 and 9047496?
152
Calculate the greatest common factor of 24 and 3284326308.
12
Calculate the highest common factor of 21906223 and 145.
29
Calculate the highest common divisor of 88031436 and 592.
148
Calculate the highest common factor of 75720 and 247884.
12
What is the highest common divisor of 1597954 and 717?
239
Calculate the greatest common factor of 14 and 1209462646.
14
Calculate the highest common divisor of 352276932 and 2604.
2604
Calculate the greatest common divisor of 636 and 2392836.
12
Calculate the greatest common divisor of 124620219 and 4419.
4419
What is the highest common factor of 2678769375 and 1875?
1875
Calculate the greatest common factor of 104835 and 20010.
435
Calculate the greatest common factor of 552 and 110812413.
69
What is the highest common divisor of 2401 and 89222?
7
Calculate the greatest common divisor of 6 and 10919937.
3
Calculate the highest common divisor of 3696 and 86090928.
3696
Calculate the greatest common factor of 34476 and 7275864.
204
Calculate the highest common factor of 868 and 1132407773.
217
What is the greatest common divisor of 222 and 4588073778?
222
What is the greatest common factor of 793 and 18098561?
13
Calculate the highest common divisor of 8645 and 370370819.
1729
What is the greatest common divisor of 59910824 and 24?
8
Calculate the greatest common divisor of 1720 and 50440.
40
Calculate the highest common divisor of 2299 and 13415083.
209
What is the greatest common divisor of 336 and 54622624?
112
What is the highest common divisor of 9617069 and 693?
77
Calculate the highest common divisor of 675 and 11324925.
225
What is the greatest common divisor of 60442 and 32618?
94
What is the greatest common factor of 222580 and 119660?
620
What is the greatest common divisor of 256737 and 44863?
377
Calculate the highest common divisor of 126952952 and 7.
7
What is the greatest common divisor of 2755 and 273615?
145
What is the greatest common divisor of 1038697 and 31625?
11
Calculate the highest common factor of 8992601 and 229.
229
What is the greatest common divisor of 34 and 320560687?
17
What is the greatest common factor of 20118301 and 22904?
2863
What is the greatest common divisor of 2243085 and 260?
65
What is the greatest common factor of 5375317712 and 83?
83
What is the greatest common factor of 39604183 and 46?
23
What is the highest common factor of 1478455 and 715?
55
Calculate the greatest common divisor of 2957716 and 680684.
1516
What is the greatest common factor of 256 and 58512320?
64
What is the greatest common factor of 1846 and 110205277?
923
Calculate the greatest common divisor of 589371 and 40257.
213
Calculate the highest common factor of 986 and 1429288838.
986
What is the highest common divisor of 106 and 2786157?
53
Calculate the greatest common factor of 3768 and 2730456.
24
Calculate the greatest common divisor of 33751446 and 246.
246
Calculate the highest common factor of 56851 and 53579.
409
Calculate the highest common divisor of 4661 and 912684393.
4661
What is the highest common factor of 12987395 and 172862?
4549
What is the greatest common factor of 1645336 and 33?
11
What is the greatest common factor of 22784675 and 42925?
425
What is the highest common factor of 56 and 10504044?
4
Calculate the greatest common factor of 8528229 and 134.
67
Calculate the highest common factor of 45 and 11249045.
5
Calculate the highest common factor of 93184 and 96.
32
What is the greatest common divisor of 75 and 3312810?
15
Calculate the highest common factor of 2156048 and 72.
8
Calculate the highest common factor of 2775 and 36439635.
555
Calculate the highest common factor of 3143368 and 4901.
29
Calculate the greatest common factor of 27 and 1665636.
3
What is the highest common factor of 7046765 and 495?
55
Calculate the greatest common divisor of 88735726 and 1968.
82
What is the greatest common divisor of 16 and 587571664?
16
What is the highest common factor of 3749 and 366663447?
3749
Calculate the greatest common factor of 28656 and 2022528.
48
What is the highest common divisor of 1118657 and 3169?
3169
What is the greatest common factor of 432 and 137152?
16
Calculate the greatest common factor of 45205 and 61415513.
9041
What is the highest common divisor of 161037 and 4176?
261
What is the greatest common divisor of 1724841 and 14895?
2979
Calculate the greatest common factor of 217835937 and 297.
99
What is the greatest common divisor of 11333 and 47605076?
1619
Calculate the greatest common factor of 170568 and 813096.
1656
What is the highest common divisor of 2268 and 31909626?
1134
What is the highest common divisor of 1388 and 20310604?
1388
Calculate the highest common factor of 9702980 and 30380.
980
What is the greatest common factor of 11677966 and 24924?
134
What is the highest common divisor of 2751 and 55482561?
393
Calculate the highest common divisor of 153717904 and 91124.
8284
Calculate the highest common divisor of 37 and 40176783.
37
Calculate the highest common factor of 19468 and 2889428.
628
Calculate the greatest common factor of 22015616 and 364.
28
Calculate the greatest common factor of 1289419991 and 1366.
683
What is the greatest common factor of 5580927 and 957?
33
What is the greatest common factor of 2184 and 238860024?
312
Calculate the highest common divisor of 23867560 and 2760.
920
Calculate the highest common factor of 9366 and 6336768.
1338
What is the highest common divisor of 81 and 103585401?
9
Calculate the greatest common divisor of 42 and 147883337.
7
Calculate the highest common divisor of 56501516 and 1136.
284
What is the highest common factor of 2768756 and 24548?
1292
Calculate the highest common factor of 22968 and 4407246.
522
What is the greatest common factor of 119 and 73779048?
119
Calculate the highest common factor of 2163650 and 436.
218
What is the highest common factor of 20466225 and 1521?
117
Calculate the greatest common factor of 4938290 and 8848.
1106
What is the highest common divisor of 78 and 21929349?
39
Calculate the highest common divisor of 2130016 and 999.
37
What is the greatest common factor of 315770 and 158795?
455
Calculate the greatest common factor of 7078861 and 60220.
3011
Calculate the greatest common divisor of 64 and 68331632.
16
Calculate the highest common factor of 1722 and 196681674.
1722
Calculate the greatest common factor of 1274932 and 34.
34
What is the highest common divisor of 14558 and 4385221?
251
What is the highest common factor of 26179 and 35648?
557
Calculate the highest common divisor of 3210 and 1125810.
30
What is the greatest common divisor of 30 and 343755?
15
Calculate the highest common divisor of 312671 and 32299191.
2767
Calculate the highest common factor of 19866 and 104232.
258
Calculate the greatest common factor of 396 and 2596212.
36
What is the highest common divisor of 89859 and 4158?
231
Calculate the highest common factor of 767584 and 2448.
272
Calculate the greatest common divisor of 1303 and 189986521.
1303
Calculate the highest common divisor of 6215 and 128379865.
565
Calculate the greatest common divisor of 8135382980 and 340.
340
Calculate the greatest common divisor of 547840464 and 48.
48
What is the highest common factor of 1761 and 130498